te the highest common factor of 85951 and 222.
37
What is the highest common divisor of 3787 and 423603?
541
What is the highest common factor of 25425 and 22725?
225
Calculate the highest common divisor of 216 and 10260.
108
Calculate the greatest common divisor of 207909 and 468.
117
Calculate the highest common divisor of 200 and 10870.
10
Calculate the greatest common factor of 1170 and 231270.
390
What is the highest common factor of 8 and 86992?
8
Calculate the highest common factor of 72 and 30096.
72
Calculate the greatest common factor of 3255742 and 966.
322
Calculate the greatest common factor of 18921 and 4165.
119
What is the highest common factor of 3416 and 5432?
56
What is the greatest common divisor of 149905 and 105?
35
Calculate the greatest common factor of 130 and 1237275.
65
What is the highest common divisor of 107711 and 38?
19
Calculate the highest common factor of 26017623 and 2967.
2967
What is the highest common divisor of 32266 and 584?
146
Calculate the highest common divisor of 54189 and 21408.
669
What is the highest common factor of 96040 and 40?
40
What is the highest common divisor of 14 and 32746?
14
Calculate the highest common divisor of 25783 and 3933.
437
What is the greatest common factor of 929290 and 438?
146
What is the highest common factor of 1392 and 1032?
24
Calculate the greatest common divisor of 198 and 87054.
66
Calculate the highest common divisor of 4214 and 243208.
602
Calculate the highest common factor of 15 and 23298.
3
Calculate the greatest common factor of 8150 and 6846.
326
What is the highest common divisor of 5027 and 297?
11
What is the highest common factor of 36 and 75408?
12
What is the greatest common divisor of 129052 and 22?
22
Calculate the greatest common divisor of 5487 and 885.
177
Calculate the greatest common divisor of 46 and 148534.
46
What is the highest common divisor of 5507573 and 241?
241
Calculate the highest common divisor of 568 and 24440.
8
Calculate the highest common factor of 293 and 47759.
293
Calculate the greatest common divisor of 79703 and 13.
13
Calculate the highest common divisor of 10 and 168190.
10
What is the highest common divisor of 131 and 3868692?
131
Calculate the greatest common factor of 699396 and 1336.
668
Calculate the greatest common divisor of 51 and 300407.
17
Calculate the highest common factor of 4528 and 1115869.
283
Calculate the greatest common factor of 352975 and 35.
35
Calculate the highest common factor of 200 and 36350.
50
What is the highest common factor of 13272 and 492?
12
What is the highest common factor of 380224 and 65?
13
Calculate the highest common divisor of 8085 and 110.
55
What is the greatest common divisor of 7991 and 14148?
131
What is the greatest common divisor of 27467 and 77?
11
Calculate the greatest common divisor of 25839 and 9.
9
What is the greatest common divisor of 108 and 7860?
12
Calculate the highest common divisor of 8 and 7804.
4
Calculate the greatest common divisor of 103930 and 1976.
38
Calculate the greatest common divisor of 735440 and 80.
80
What is the greatest common factor of 23247 and 1296?
81
What is the greatest common divisor of 16032 and 1212?
12
What is the highest common factor of 1736 and 3726944?
248
What is the highest common factor of 227 and 33823?
227
What is the greatest common factor of 33 and 82841?
11
What is the greatest common divisor of 61854 and 50362?
338
Calculate the greatest common divisor of 1840 and 31855.
115
What is the highest common divisor of 10 and 226970?
10
What is the highest common factor of 2174668 and 428?
428
What is the highest common factor of 112 and 109172?
28
Calculate the highest common divisor of 155729 and 7.
7
What is the greatest common factor of 11 and 89393?
1
What is the highest common divisor of 1392 and 1740?
348
What is the greatest common factor of 588 and 33684?
84
What is the highest common factor of 2499 and 1037?
17
What is the greatest common divisor of 1876 and 6951?
7
Calculate the highest common factor of 139826 and 906.
302
What is the greatest common divisor of 1089 and 7865?
121
Calculate the highest common divisor of 74 and 1224034.
74
Calculate the highest common divisor of 117242 and 186.
62
What is the highest common divisor of 34458 and 186?
6
Calculate the greatest common divisor of 651080 and 20.
20
What is the greatest common factor of 24 and 1403848?
8
Calculate the greatest common factor of 759 and 682.
11
Calculate the highest common factor of 144384 and 564.
564
What is the highest common factor of 363038 and 78?
26
Calculate the highest common factor of 472 and 76936.
472
What is the highest common factor of 756 and 12278?
14
What is the highest common divisor of 10 and 30415510?
10
Calculate the greatest common divisor of 134573 and 23.
23
Calculate the highest common factor of 508 and 4436.
4
What is the greatest common divisor of 655270 and 920?
230
Calculate the greatest common factor of 59892 and 27993.
651
Calculate the highest common divisor of 56975 and 160.
5
Calculate the highest common divisor of 909 and 81305.
101
Calculate the highest common divisor of 58955 and 481.
13
What is the highest common factor of 12639 and 28342?
383
What is the highest common divisor of 161557 and 418?
209
Calculate the greatest common divisor of 2070 and 1248624.
414
What is the greatest common factor of 122616 and 20043?
1179
Calculate the highest common divisor of 123158 and 47082.
266
What is the highest common divisor of 380 and 4028?
76
Calculate the greatest common factor of 64622 and 632.
158
What is the highest common divisor of 9063 and 1412821?
1007
Calculate the greatest common factor of 102987 and 36.
9
Calculate the greatest common factor of 27666 and 2088.
522
Calculate the greatest common divisor of 176 and 724944.
176
Calculate the highest common factor of 77 and 275891.
77
What is the greatest common divisor of 15 and 148200?
15
Calculate the greatest common divisor of 3304 and 4352.
8
What is the greatest common divisor of 6809 and 89755?
619
What is the greatest common factor of 2340 and 732?
12
Calculate the greatest common divisor of 348 and 42108.
348
What is the greatest common factor of 14450520 and 168?
168
Calculate the highest common factor of 8118 and 2475.
99
Calculate the greatest common divisor of 12106944 and 192.
192
Calculate the highest common factor of 525 and 36925.
175
Calculate the greatest common factor of 4060 and 407960.
140
Calculate the highest common factor of 451 and 352.
11
What is the highest common divisor of 66066 and 1869?
21
What is the highest common divisor of 1279120 and 16?
16
What is the greatest common divisor of 198 and 883586?
22
Calculate the highest common divisor of 413103 and 69.
69
Calculate the greatest common factor of 49 and 58345.
7
Calculate the greatest common divisor of 41283 and 165.
33
Calculate the highest common divisor of 63544 and 83824.
1352
Calculate the greatest common divisor of 34 and 4528749.
17
Calculate the greatest common factor of 11892 and 8112.
12
What is the greatest common divisor of 364 and 14140?
28
What is the greatest common divisor of 695 and 8365715?
695
Calculate the highest common divisor of 1834 and 101656.
262
Calculate the greatest common divisor of 85696 and 112.
16
Calculate the highest common divisor of 2210 and 6500.
130
Calculate the highest common divisor of 298197 and 153.
153
What is the highest common divisor of 22209 and 462?
33
What is the highest common divisor of 579 and 9484599?
579
Calculate the greatest common factor of 94 and 122.
2
Calculate the greatest common divisor of 6 and 452992.
2
Calculate the highest common divisor of 14850 and 7095.
165
What is the highest common factor of 85 and 246959?
17
Calculate the greatest common factor of 5678 and 27054.
334
Calculate the highest common divisor of 337053 and 53595.
1191
What is the greatest common divisor of 10804 and 2516?
148
Calculate the greatest common factor of 1175999 and 1573.
121
Calculate the greatest common factor of 1860 and 1640.
20
Calculate the highest common factor of 387 and 2808.
9
What is the greatest common factor of 5944 and 64?
8
What is the highest common divisor of 196700 and 700?
700
Calculate the greatest com